?
False
Is 405 a factor of 1935567090?
True
Is 375178176 a multiple of 96?
True
Is 1279 a factor of 161331781?
True
Is 11 a factor of 4186831?
True
Is 36 a factor of 13071168?
True
Does 131 divide 638729669?
True
Does 109 divide 205172861?
False
Is 113960826 a multiple of 1743?
True
Does 29 divide 284599823?
True
Is 88948522 a multiple of 26?
True
Is 37666176 a multiple of 14?
False
Is 22442359 a multiple of 3?
False
Is 51647971 a multiple of 296?
False
Is 263869943 a multiple of 2604?
False
Does 396 divide 1087120188?
True
Is 5452 a factor of 1273812039?
False
Does 17 divide 588188221?
False
Does 105 divide 22908989?
False
Is 256 a factor of 8974592?
True
Is 3233979548 a multiple of 7444?
False
Does 195 divide 659817990?
True
Is 680 a factor of 733019071?
False
Does 93 divide 148343916?
False
Does 2444 divide 185292560?
False
Does 725 divide 274937400?
True
Is 1079212065 a multiple of 3633?
False
Does 145 divide 1465219490?
True
Does 2338 divide 2892237539?
False
Does 629 divide 53134775?
True
Does 423 divide 265099027?
False
Is 904910380 a multiple of 6?
False
Is 11 a factor of 220168666?
False
Does 68 divide 617838919?
False
Does 33 divide 24982352?
False
Is 540 a factor of 2863697?
False
Is 531567435 a multiple of 1824?
False
Is 532 a factor of 1273940500?
True
Is 7980155 a multiple of 10?
False
Is 12234120 a multiple of 538?
True
Is 495118167 a multiple of 291?
True
Is 331 a factor of 1311494744?
False
Is 25 a factor of 36705108?
False
Does 783 divide 39020805?
True
Is 65 a factor of 1296289085?
True
Is 11 a factor of 109003896?
False
Does 5 divide 164729320?
True
Is 46 a factor of 7843407332?
False
Is 16 a factor of 390541904?
True
Does 25 divide 92929850?
True
Is 272031144 a multiple of 7?
True
Is 196768461 a multiple of 7?
False
Is 369157998 a multiple of 4038?
True
Is 30 a factor of 27165390?
True
Is 17125264 a multiple of 9?
False
Does 6088 divide 274909728?
True
Does 238 divide 30485896?
True
Does 72 divide 22009824?
True
Is 1059448 a multiple of 754?
False
Does 239 divide 89175680?
True
Is 6 a factor of 101596660?
False
Is 3926502 a multiple of 28?
False
Is 5331 a factor of 535237731?
True
Is 8 a factor of 54248008?
True
Does 73 divide 720469266?
True
Is 673893150 a multiple of 80?
False
Is 5781020 a multiple of 980?
True
Does 492 divide 13613531?
False
Does 1580 divide 41348600?
True
Is 4587322 a multiple of 868?
False
Does 1371 divide 87100346?
False
Is 2097850715 a multiple of 2829?
False
Is 13 a factor of 14970449?
True
Is 10613837 a multiple of 22?
False
Is 17 a factor of 368251388?
False
Is 159082308 a multiple of 12?
True
Is 4 a factor of 1473680?
True
Is 5707836 a multiple of 6?
True
Is 4323 a factor of 631363083?
False
Is 271590660 a multiple of 3?
True
Does 107 divide 20814735?
False
Is 23 a factor of 4319676?
True
Is 38605500 a multiple of 207?
True
Does 504 divide 181208401?
False
Is 1750 a factor of 525790648?
False
Is 17977568 a multiple of 587?
False
Is 23 a factor of 146231608?
True
Does 695 divide 1215807980?
True
Does 885 divide 386406930?
True
Is 29 a factor of 89611740?
True
Does 2 divide 70220484?
True
Is 1327 a factor of 15683039?
False
Is 4469493528 a multiple of 9?
True
Does 3 divide 13690320?
True
Is 44097990 a multiple of 10?
True
Does 332 divide 1408003368?
True
Does 1211 divide 58654869?
False
Is 157170761 a multiple of 48?
False
Is 2614 a factor of 125043304?
True
Is 442 a factor of 71241356?
False
Does 1179 divide 336815541?
True
Is 251 a factor of 1104131484?
False
Is 8 a factor of 49514404?
False
Does 368 divide 962360480?
True
Is 4 a factor of 401264236?
True
Does 8 divide 47360963?
False
Is 261 a factor of 59674545?
False
Is 46 a factor of 7895069?
False
Is 1339187 a multiple of 4?
False
Is 269 a factor of 31991269?
False
Does 1191 divide 828538129?
False
Is 12 a factor of 3471222?
False
Is 28 a factor of 50397620?
True
Does 12 divide 27471738?
False
Is 2559723526 a multiple of 5577?
False
Is 1072 a factor of 18224000?
True
Is 147 a factor of 68972448?
False
Is 12871514 a multiple of 257?
False
Is 31139576 a multiple of 143?
False
Is 34 a factor of 246453352?
True
Is 14 a factor of 15845648?
True
Is 18 a factor of 603604022?
False
Does 314 divide 326720745?
False
Does 514 divide 253061?
False
Does 42 divide 11137434?
True
Is 435638381 a multiple of 268?
False
Is 901711892 a multiple of 28?
False
Is 21089272 a multiple of 428?
True
Is 430 a factor of 50816110?
True
Is 7 a factor of 467066?
False
Is 167522050 a multiple of 1391?
False
Does 11 divide 1393172?
True
Is 56 a factor of 32083119?
False
Does 11 divide 861630803?
True
Is 3022627972 a multiple of 119?
False
Is 534 a factor of 43221426?
True
Is 4082400 a multiple of 105?
True
Does 3465 divide 196725375?
True
Does 6 divide 3314487?
False
Is 1568732786 a multiple of 5?
False
Is 1253 a factor of 16607476?
False
Is 4281088080 a multiple of 24?
True
Is 2106527 a multiple of 223?
False
Is 692706440 a multiple of 27?
False
Is 46788306 a multiple of 50?
False
Does 407 divide 307963062?
True
Is 203376017 a multiple of 62?
False
Is 352731468 a multiple of 4601?
False
Does 1041 divide 80295453?
True
Does 8268 divide 1339440804?
True
Does 4 divide 85475584?
True
Does 2772 divide 123678222?
False
Does 2422 divide 498541109?
False
Does 256 divide 16264604?
False
Is 8 a factor of 15211776?
True
Does 4 divide 2936080?
True
Is 214544610 a multiple of 290?
True
Does 378 divide 1817046?
True
Is 1994066 a multiple of 80?
False
Is 29 a factor of 387089564?
True
Does 2880 divide 201011400?
False
Does 14 divide 38060986?
False
Is 299618724 a multiple of 625?
False
Is 11 a factor of 27601924?
False
Does 2212 divide 4935418?
False
Is 1679 a factor of 9749953?
True
Does 74 divide 233511171?
False
Is 175878985 a multiple of 177?
False
Is 88272972 a multiple of 36?
True
Is 120 a factor of 11477268?
False
Is 2275 a factor of 27268150?
True
Is 100 a factor of 25135717?
False
Is 6400175840 a multiple of 20?
True
Is 13 a factor of 74595989?
True
Is 137979573 a multiple of 1616?
False
Is 92 a factor of 59594288?
True
Is 11257547 a multiple of 62?
False
Does 4 divide 18988870?
False
Does 12431 divide 1689372900?
True
Does 172 divide 46886684?
True
Is 3898801544 a multiple of 12?
False
Is 93295918 a multiple of 1244?
False
Is 252602859 a multiple of 210?
False
Is 475807416 a multiple of 56?
True
Is 960 a factor of 30310080?
True
Does 6567 divide 684156627?
True
Does 7 divide 504170310?
True
Does 70 divide 18569005?
False
Does 46 divide 109507278?
True
Does 51 divide 104248713?
False
Is 1828210230 a multiple of 12690?
True
Does 2 divide 21807909?
False
Is 18 a factor of 931051620?
True
Is 17 a factor of 30194533?
True
Is 32810185 a multiple of 56?
False
Is 118 a factor of 339406899?
False
Is 23497192 a multiple of 232?
True
Does 175 divide 229283?
False
Does 217 divide 16147187?
True
Is 326 a factor of 2421737915?
False
Is 911119456 a multiple of 13?
True
Is 99880494 a multiple of 7?
True
Is 2528 a factor of 58955041?
False
Is 255593907 a multiple of 591?
True
Is 35329427 a multiple of 34?
False
Is 43990260 a multiple of 3?
True
Is 42239784 a multiple of 13?
False
Does 28 divide 369868325?
False
Does 212 divide 8679614?
False
Is 230478167 a multiple of 3789?
False
Does 250 divide 25055025?
False
Is 1406 a factor of 863642727?
False
Is 466 a factor of 778382634?
True
Does 4587 divide 344402126?
False
Is 1510 a factor of 196685050?
True
Is 40129924 a multiple of 261?
False
Is 11856228 a multiple of 149?
True
Does 2014 divide 422063273?
False
Is 61395322 a multiple of 367?
False
Is 156932370 a multiple of 2709?
True
Is 14225302 a multiple of 611?
True
Is 472865710 a multiple of 3728?
False
Is 71 a factor of 18272276?
True
Is 1006963012 a multiple of 8?
False
Is 154797241 a multiple of 17?
False
Is 19 a factor of 1348170?
False
Does 842 divide 169553540?
True
Does 150 divide 5518500?
True
Does 40 divide 6688800?
True
Does 13 divide 4279031?
False
Is 2497 a factor of 172607302?
False
Is 20 a factor of 5865022800?
True
Does 26 divide 2898194160?
False
Does 98 divide 64177621?
False
Is 11762 a factor of 2990806074?
True
Is 11 a factor of 129565835?
False
Is 893 a factor of 19308715?
False
Is 689719217 a multiple of 1471?
False
Does 180 divide 157081680?
True
Does 14 divide 1335469